git of 326576?
6
What is the tens digit of 7169130?
3
What is the hundreds digit of 1419278?
2
What is the tens digit of 10059484?
8
What is the ten thousands digit of 601591?
0
What is the ten thousands digit of 11910067?
1
What is the hundred thousands digit of 11170522?
1
What is the hundred thousands digit of 612127?
6
What is the hundreds digit of 207354?
3
What is the hundred thousands digit of 157564?
1
What is the hundreds digit of 7253727?
7
What is the hundreds digit of 648634?
6
What is the millions digit of 10511235?
0
What is the units digit of 6113333?
3
What is the thousands digit of 24630852?
0
What is the tens digit of 22310582?
8
What is the hundreds digit of 3489499?
4
What is the ten thousands digit of 158585?
5
What is the ten millions digit of 16197145?
1
What is the ten thousands digit of 2355577?
5
What is the ten thousands digit of 13821978?
2
What is the thousands digit of 12790845?
0
What is the ten thousands digit of 1327809?
2
What is the hundreds digit of 391031?
0
What is the tens digit of 435472?
7
What is the thousands digit of 132969?
2
What is the millions digit of 5989678?
5
What is the hundred thousands digit of 11371462?
3
What is the hundreds digit of 1510744?
7
What is the millions digit of 2742015?
2
What is the tens digit of 86671?
7
What is the ten thousands digit of 3495074?
9
What is the thousands digit of 976626?
6
What is the units digit of 693202?
2
What is the hundred thousands digit of 786737?
7
What is the hundred thousands digit of 105180?
1
What is the hundred thousands digit of 1801375?
8
What is the units digit of 635132?
2
What is the thousands digit of 774614?
4
What is the millions digit of 3279277?
3
What is the millions digit of 1297389?
1
What is the hundreds digit of 227119?
1
What is the tens digit of 3923582?
8
What is the hundreds digit of 1726533?
5
What is the units digit of 18058299?
9
What is the thousands digit of 18179591?
9
What is the units digit of 6816841?
1
What is the hundreds digit of 270058?
0
What is the tens digit of 2229933?
3
What is the thousands digit of 4455748?
5
What is the ten thousands digit of 931244?
3
What is the thousands digit of 8495005?
5
What is the thousands digit of 1551166?
1
What is the units digit of 229803?
3
What is the ten thousands digit of 122534?
2
What is the tens digit of 4516239?
3
What is the thousands digit of 19764910?
4
What is the tens digit of 19765483?
8
What is the units digit of 2979312?
2
What is the tens digit of 308802?
0
What is the millions digit of 6220469?
6
What is the units digit of 750572?
2
What is the tens digit of 193393?
9
What is the units digit of 17565826?
6
What is the units digit of 553220?
0
What is the tens digit of 10218187?
8
What is the tens digit of 13400414?
1
What is the hundreds digit of 28717711?
7
What is the tens digit of 2989073?
7
What is the ten thousands digit of 2390866?
9
What is the units digit of 197721?
1
What is the thousands digit of 611938?
1
What is the hundred thousands digit of 104380?
1
What is the tens digit of 2597570?
7
What is the units digit of 485692?
2
What is the tens digit of 1096113?
1
What is the millions digit of 1586242?
1
What is the ten thousands digit of 20376397?
7
What is the ten thousands digit of 546652?
4
What is the hundreds digit of 367980?
9
What is the millions digit of 16659250?
6
What is the ten thousands digit of 313115?
1
What is the ten thousands digit of 595152?
9
What is the hundred thousands digit of 249736?
2
What is the hundred thousands digit of 159011?
1
What is the units digit of 406025?
5
What is the hundreds digit of 5889625?
6
What is the thousands digit of 134361?
4
What is the millions digit of 30848853?
0
What is the ten thousands digit of 438692?
3
What is the hundreds digit of 112438?
4
What is the hundreds digit of 808914?
9
What is the thousands digit of 7992?
7
What is the tens digit of 76201?
0
What is the units digit of 6708118?
8
What is the ten thousands digit of 101887?
0
What is the thousands digit of 3180939?
0
What is the hundred thousands digit of 1488044?
4
What is the hundred thousands digit of 519482?
5
What is the thousands digit of 92390?
2
What is the units digit of 5467829?
9
What is the ten thousands digit of 198660?
9
What is the ten thousands digit of 14506487?
0
What is the units digit of 32075473?
3
What is the tens digit of 1789735?
3
What is the units digit of 136431?
1
What is the hundred thousands digit of 494075?
4
What is the ten thousands digit of 6265544?
6
What is the tens digit of 324152?
5
What is the ten millions digit of 13918344?
1
What is the hundreds digit of 704174?
1
What is the ten thousands digit of 13690950?
9
What is the thousands digit of 1415504?
5
What is the thousands digit of 16524030?
4
What is the ten millions digit of 12701767?
1
What is the thousands digit of 25792805?
2
What is the thousands digit of 81323?
1
What is the hundred thousands digit of 10249754?
2
What is the hundreds digit of 92159?
1
What is the thousands digit of 1568523?
8
What is the millions digit of 32174865?
2
What is the tens digit of 541822?
2
What is the ten thousands digit of 9347730?
4
What is the thousands digit of 5835284?
5
What is the units digit of 25697834?
4
What is the units digit of 29718116?
6
What is the ten thousands digit of 616546?
1
What is the thousands digit of 145472?
5
What is the millions digit of 4384443?
4
What is the tens digit of 191820?
2
What is the hundreds digit of 8554175?
1
What is the hundred thousands digit of 12200166?
2
What is the hundreds digit of 116440?
4
What is the units digit of 56197?
7
What is the thousands digit of 7049804?
9
What is the units digit of 7183946?
6
What is the millions digit of 4280001?
4
What is the thousands digit of 173590?
3
What is the thousands digit of 80602?
0
What is the hundreds digit of 601566?
5
What is the millions digit of 4600712?
4
What is the hundreds digit of 198695?
6
What is the hundreds digit of 3580454?
4
What is the ten millions digit of 16097526?
1
What is the thousands digit of 5018532?
8
What is the hundred thousands digit of 16580504?
5
What is the thousands digit of 253885?
3
What is the thousands digit of 641406?
1
What is the hundreds digit of 804753?
7
What is the units digit of 4475696?
6
What is the ten thousands digit of 51378?
5
What is the units digit of 8857386?
6
What is the hundreds digit of 631814?
8
What is the thousands digit of 495824?
5
What is the units digit of 706361?
1
What is the hundred thousands digit of 17872406?
8
What is the ten thousands digit of 512557?
1
What is the units digit of 11215460?
0
What is the hundred thousands digit of 1012716?
0
What is the ten thousands digit of 3995244?
9
What is the units digit of 19082627?
7
What is the hundred thousands digit of 15829152?
8
What is the thousands digit of 1292792?
2
What is the units digit of 200724?
4
What is the tens digit of 8665751?
5
What is the ten thousands digit of 709707?
0
What is the tens digit of 32374404?
0
What is the hundred thousands digit of 505580?
5
What is the thousands digit of 6222?
6
What is the ten thousands digit of 2431873?
3
What is the ten thousands digit of 157277?
5
What is the tens digit of 27162489?
8
What is the thousands digit of 85960?
5
What is the hundreds digit of 756298?
2
What is the hundred thousands digit of 3550474?
5
What is the millions digit of 4070803?
4
What is the hundreds digit of 15875155?
1
What is the ten thousands digit of 837341?
3
What is the tens digit of 7680224?
2
What is the units digit of 471843?
3
What is the ten thousands digit of 3553630?
5
What is the units digit of 573323?
3
What is the tens digit of 1607350?
5
What is the hundred thousands digit of 615710?
6
What is the tens digit of 2063067?
6
What is the thousands digit of 92962?
2
What is the thousands digit of 653726?
3
What is the tens digit of 5607372?
7
What is the thousands digit of 21291959?
1
What is the thousands digit of 1513534?
3
What is the hundreds digit of 606576?
5
What is the hundreds digit of 1401061?
0
What is the ten millions digit of 14948426?
1
What is the tens digit of 3862797?
9
What is the hundred thousands digit of 310634?
3
What is the hundreds digit of 367316?
3
What is the units digit of 2